{"id":114,"date":"2018-07-03T18:07:29","date_gmt":"2018-07-03T16:07:29","guid":{"rendered":"http:\/\/localhost:8888\/?page_id=114"},"modified":"2018-07-08T21:29:16","modified_gmt":"2018-07-08T19:29:16","slug":"schulordnung","status":"publish","type":"page","link":"https:\/\/www.mskatzelsdorf.at\/?page_id=114","title":{"rendered":"Schulordnung"},"content":{"rendered":"\t\t<div data-elementor-type=\"wp-post\" data-elementor-id=\"114\" class=\"elementor elementor-114 elementor-bc-flex-widget\">\n\t\t\t\t\t\t<section class=\"elementor-section elementor-top-section elementor-element elementor-element-ecaac84 elementor-section-boxed elementor-section-height-default elementor-section-height-default\" data-id=\"ecaac84\" data-element_type=\"section\" data-e-type=\"section\">\n\t\t\t\t\t\t<div class=\"elementor-container elementor-column-gap-default\">\n\t\t\t\t\t<div class=\"elementor-column elementor-col-100 elementor-top-column elementor-element elementor-element-e0e4cdd\" data-id=\"e0e4cdd\" data-element_type=\"column\" data-e-type=\"column\">\n\t\t\t<div class=\"elementor-widget-wrap elementor-element-populated\">\n\t\t\t\t\t\t<div class=\"elementor-element elementor-element-d3dd554 elementor-widget elementor-widget-text-editor\" data-id=\"d3dd554\" data-element_type=\"widget\" data-e-type=\"widget\" data-widget_type=\"text-editor.default\">\n\t\t\t\t<div class=\"elementor-widget-container\">\n\t\t\t\t\t\t\t\t\t<p id=\"u5227-2\"><span style=\"font-size: 14px;\">\u00a7 1 Name und Sitz der Musikschule<\/span><\/p><p><strong>Musikschule der Gemeinde Katzelsdorf 2801 Katzelsdorf, M\u00fchlgasse 4<\/strong><\/p><p><strong>\u00a7 2 Unterrichtsbesuch<\/strong><\/p><ol id=\"u5227-29\" class=\"list0 nls-None\"><li>Die Musikschule \u00fcbernimmt die Gew\u00e4hr f\u00fcr die Erteilung eines fachlichen und zeitnahen Musikunterrichts und die Einhaltung der daf\u00fcr vorgesehenen Unterrichtszeiten<\/li><li>Die Anmeldung erfolgt jeweils f\u00fcr ein Schuljahr bzw. f\u00fcr die Dauer eines angebotenen MS Kurs. Nur in begr\u00fcndeten F\u00e4llen (z.B. bei l\u00e4ngerer schwerer Krankheit oder\u00a0\u00a0 Wechsel des Wohnorts) ist ein Antrag auf Unterbrechung oder ein Austritt zu Semesterende m\u00f6glich. Unentschuldigtes Fernbleiben vom Unterricht wird einem Austritt nicht gleichgesetzt und entbindet weder von der Verpflichtung zum Unterrichtsbesuch noch von der Zahlung des Schulgeldes. Eine vorzeitige Abmeldung hat schriftlich zu erfolgen.<\/li><li>In den daf\u00fcr vorgesehenen Unterrichtsr\u00e4umen besteht Hausschuhpflicht.<\/li><li>Auf dem Schulweg und im Unterricht besteht f\u00fcr den Sch\u00fcler kein Versicherungsschutz.<\/li><li>F\u00fcr Eltern ist der Aufenthalt in der Schule nur zum Begleiten und zum Abholen, nicht aber w\u00e4hrend des Unterrichts gestattet. W\u00e4hrend des Unterrichts \u00fcbernimmt der Lehrer die Aufsichtspflicht, sofern nicht vom Lehrer die Anwesenheit eines Erziehungsberechtigten als sinnvolle p\u00e4dagogische Ma\u00dfnahme ausdr\u00fccklich erw\u00fcnscht ist.<\/li><li>Die Erziehungsberechtigten bzw. Sch\u00fcler\/In haften f\u00fcr verursachte Sch\u00e4den. Das Inventar ist schonend und zweckm\u00e4\u00dfig zu behandeln<\/li><li>Der Sch\u00fcler hat den Unterricht regelm\u00e4\u00dfig und p\u00fcnktlich zu besuchen sowie sich gewissenhaft &#8211; den \u00dcbungsanweisungen entsprechend &#8211; vorzubereiten. Ein Mitteilungsheft ist zu f\u00fchren. Dem Lehrer obliegt die Auswahl der Unterrichtsmethode und Behelfe.Bei minderj\u00e4hrigen Sch\u00fclern sorgen die Erziehungsberechtigten f\u00fcr den regelm\u00e4\u00dfigen und p\u00fcnktlichen Unterrichtsbesuch des Sch\u00fclers sowie die gewissenhafte &#8211; den \u00dcbungsanweisungen entsprechende &#8211; Vorbereitung.<\/li><li>Unm\u00fcndige minderj\u00e4hrige Sch\u00fcler m\u00fcssen von einem Erziehungsberechtigten oder Vertreter zum Unterricht gebracht bzw. vom Unterricht abgeholt werden.<\/li><li>Der Sch\u00fcler hat die Hausordnung zu beachten.<\/li><\/ol><p><strong>\u00a73 vers\u00e4umte Unterrichtseinheiten<\/strong><\/p><ol id=\"u5227-60\" class=\"list0 nls-None\"><li>Der Sch\u00fcler ist verpflichtet, von einer voraussehbaren Vers\u00e4umung von Unterrichtseinheiten den Lehrer oder den Schulleiter rechtzeitig zu verst\u00e4ndigen. Bei einem minderj\u00e4hrigen Sch\u00fcler ist dies Aufgabe des Erziehungsberechtigten.<\/li><li>Unterrichtseinheiten, die vom Sch\u00fcler, durch schulische Aktivit\u00e4ten oder Feiertagen vers\u00e4umt oder versp\u00e4tet besucht werden, werden nicht nachgeholt.<\/li><li>Bei Unp\u00fcnktlichkeit ist die Lehrkraft nicht verpflichtet l\u00e4nger als eine Viertelstunde auf den Sch\u00fcler zu warten.<\/li><li>Unterrichtsstunden, die durch Verhinderung einer Lehrkraft ausfallen, werden nach M\u00f6glichkeit nachgeholt (nicht jedoch bei Krankheit). Bei einer l\u00e4nger als zwei Wochen dauernden Verhinderung einer Lehrkraft ist die Musikschule bem\u00fcht, eine Vertretung zu stellen, bzw. werden, wenn dies nicht m\u00f6glich ist, die Stunden r\u00fcckverg\u00fctet oder gutgeschrieben.<\/li><li>Der Ausschluss eines Sch\u00fclers kann erfolgen:<\/li><li>wenn das Lehr Ziel infolge mangelnden Flei\u00dfes, nachl\u00e4ssigen Schulbesuches oder bei Nichteignung voraussichtlich nicht erreicht werden kann, wobei dem Sch\u00fcler mittels schriftlicher Ermahnung eine Nachfrist von einem Monat zu stellen ist, oder<\/li><li>wenn wiederholte Disziplinlosigkeiten den Weiterverbleib an der Schule untragbar machen, oder<\/li><li>wenn das Schulgeld nicht bzw. nicht rechtzeitig eingezahlt wird.<\/li><li>Die Dauer des Schuljahres deckt sich mit dem\u00a0 N\u00d6 Pflichtschuljahr.<\/li><li>In der 1. Schulwoche findet die Einteilung des Unterrichts statt. Ab der 2. Schulwoche startet der Musikunterricht in den Hauptf\u00e4chern.<\/li><li>Eine Liste der derzeit angebotenen Hauptf\u00e4cher befindet sich im Anhang oder in der Ausschreibung der Musikschule.<\/li><li>Die schulfreien Tage decken sich mit den Bestimmungen der \u00f6ffentlichen N\u00d6 Pflichtschulen mit Ausnahme der schulautonomen Tage, welche f\u00fcr die Musikschule nicht verbindlich sind. Daher findet an diesen Tagen der MS Musikunterricht statt.<\/li><li>Plakate und Mitteilungen d\u00fcrfen im Schulbereich nur mit Bewilligung der Direktion angebracht bzw. ausgeteilt werden.<\/li><\/ol><p><strong>\u00a7 4 Unterrichtsmittel<\/strong><\/p><ol id=\"u5227-68\" class=\"list0 nls-None\"><li>Der Sch\u00fcler hat die notwendigen Unterrichtsmittel zu besorgen und mitzubringen. Noten k\u00f6nnen nicht entliehen werden. Kopien d\u00fcrfen nur als Sicherungskopien erstellt werden (copyright)<\/li><\/ol><p><strong>\u00a7 5 Schulgeldzahlungspflicht<\/strong><\/p><ol id=\"u5227-81\" class=\"list0 nls-None\"><li>Der Schulerhalter hebt von allen Sch\u00fclern ein Schulgeld als Entgelt f\u00fcr die Ausbildung an der Musikschule und als angemessenen Beitrag zu den Kosten der Musikschule ein. Die H\u00f6he, allf\u00e4llige Erm\u00e4\u00dfigungen oder Erh\u00f6hungen des Schulgeldes sowie die Einhebungsmodalit\u00e4ten werden vom Schulerhalter gem\u00e4\u00df \u00a7 6 des N\u00d6 Musikschulgesetzes 2000 festgelegt. Das Schulgeld ist ein JAHRESSCHULGELD und wird in 2 halbj\u00e4hrigen Teilbetr\u00e4gen eingehoben. Eine Liste der derzeit g\u00fcltigen Tarife befindet sich im Anhang der Schulordnung<\/li><li>Ein Fernbleiben vom Unterricht entbindet nicht der Verpflichtung zur Schulgeldzahlung.<\/li><li>Die Schulgeldzahlungspflicht entf\u00e4llt bei einer Abmeldung f\u00fcr das laufende Schuljahr nur bei Nachweis des Vorliegens schwerwiegender Gr\u00fcnde, wie insbesondere schwerer Krankheit oder Verlegung des Wohnsitzes. Die Entscheidung dar\u00fcber trifft der Schulerhalter.<\/li><li>Bei einem Schulgeldr\u00fcckstand von mindestens f\u00fcnf Monaten kann ein Sch\u00fcler ausgeschlossen werden.<\/li><\/ol><p><strong>\u00a7 6 Miete von Instrumenten<\/strong><\/p><ol id=\"u5227-92\" class=\"list0 nls-None\"><li>Leihinstrumente werden von der Musikschule nach M\u00f6glichkeit auf Antrag zur Verf\u00fcgung gestellt Bei Miete von Instrumenten muss der Sch\u00fcler bzw. bei einem minderj\u00e4hrigen Sch\u00fcler der Erziehungsberechtigte einen schriftlichen Mietvertrag mit der Musikschule abschlie\u00dfen. Die Vermietung erfolgt in der Regel f\u00fcr die Dauer eines Schuljahres und kann auf ein weiteres Jahr verl\u00e4ngert werden.<\/li><li>Der Mietzins f\u00fcr ein Instrument wird vom Schulerhalter festgelegt.<\/li><li>F\u00fcr Sch\u00e4den haftet der Mieter.<\/li><\/ol><p><strong>\u00a7 7 Teilnahme an Schulveranstaltungen<\/strong><\/p><ol id=\"u5227-99\" class=\"list0 nls-None\"><li>Die Sch\u00fcler sind zur Teilnahme an Schulauff\u00fchrungen und Schulfeiern verpflichtet.Der Genuss alkoholischer Getr\u00e4nke und das Rauchen sind den Sch\u00fclern in der Schule, an sonstigen Unterrichtsorten sowie bei Schulveranstaltungen untersagt.Schulveranstaltungen gelten als Unterrichtszeit und sind deshalb unbedingt zu Besuchen und mitzuwirken.<\/li><\/ol><p><strong>\u00a78 Teilname an Erg\u00e4nzungsf\u00e4cher<\/strong><\/p><ol id=\"u5227-110\" class=\"list0 nls-None\"><li>Erg\u00e4nzungsf\u00e4cher sind ein Teil des Lehrplanes und sind daher verpflichtend. Die Entscheidung wann eine Sch\u00fclerInn ein Erg\u00e4nzungsfach besuchen kann, trifft die jeweilige Lehrkraft.<\/li><li>Beim Besuch von Erg\u00e4nzungsf\u00e4chern HF Sch\u00fclerinnen entfallen keine zus\u00e4tzlichen kosten<\/li><li>Die Sch\u00fcler erhalten zum Schulschluss kostenlose Schulnachrichten.<\/li><\/ol>\t\t\t\t\t\t\t\t<\/div>\n\t\t\t\t<\/div>\n\t\t\t\t\t<\/div>\n\t\t<\/div>\n\t\t\t\t\t<\/div>\n\t\t<\/section>\n\t\t\t\t<section class=\"elementor-section elementor-top-section elementor-element elementor-element-56a5395 elementor-section-boxed elementor-section-height-default elementor-section-height-default\" data-id=\"56a5395\" data-element_type=\"section\" data-e-type=\"section\">\n\t\t\t\t\t\t<div class=\"elementor-container elementor-column-gap-default\">\n\t\t\t\t\t<div class=\"elementor-column elementor-col-100 elementor-top-column elementor-element elementor-element-a4d072b\" data-id=\"a4d072b\" data-element_type=\"column\" data-e-type=\"column\">\n\t\t\t<div class=\"elementor-widget-wrap elementor-element-populated\">\n\t\t\t\t\t\t<div class=\"elementor-element elementor-element-38b3d32 elementor-widget elementor-widget-text-editor\" data-id=\"38b3d32\" data-element_type=\"widget\" data-e-type=\"widget\" data-widget_type=\"text-editor.default\">\n\t\t\t\t<div class=\"elementor-widget-container\">\n\t\t\t\t\t\t\t\t\t<p>Mit der Anmeldung stimmen Sie einer Verwendung Ihrer Daten (bzw. als gesetzliche(r) Vertreter(in) des\/der Sch\u00fclers(in) einer Verwendung seiner\/ihrer Daten) durch das Land N\u00d6 und der F\u00f6rderungsstelle f\u00fcr N\u00d6 Musikschulwesen gem\u00e4\u00df den Bestimmungen des Datenschutzgesetzes 2000, BGBl. I Nr. 165\/1999, in der jeweils g\u00fcltigen Fassung ausdr\u00fccklich zu, und zwar ausschlie\u00dflich zur \u00dcberpr\u00fcfung der widmungsgerechten Verwendung der F\u00f6rderung durch das Land N\u00d6. Sowie\u00a0 s\u00e4mtliche multimediale M\u00f6glichkeiten wie Fotographien und Mittschnitte, welche zur Dokumentation der Musikschule dienen, zur Verwendung freizugeben<\/p>\t\t\t\t\t\t\t\t<\/div>\n\t\t\t\t<\/div>\n\t\t\t\t\t<\/div>\n\t\t<\/div>\n\t\t\t\t\t<\/div>\n\t\t<\/section>\n\t\t\t\t<\/div>\n\t\t","protected":false},"excerpt":{"rendered":"<p>\u00a7 1 Name und Sitz der Musikschule Musikschule der Gemeinde Katzelsdorf 2801 Katzelsdorf, M\u00fchlgasse 4 \u00a7 2 Unterrichtsbesuch Die Musikschule \u00fcbernimmt die Gew\u00e4hr f\u00fcr die Erteilung eines fachlichen und zeitnahen Musikunterrichts und die Einhaltung der daf\u00fcr vorgesehenen Unterrichtszeiten Die Anmeldung erfolgt jeweils f\u00fcr ein Schuljahr bzw. f\u00fcr die Dauer eines angebotenen MS Kurs. Nur in [&hellip;]<\/p>\n","protected":false},"author":1,"featured_media":0,"parent":0,"menu_order":0,"comment_status":"closed","ping_status":"closed","template":"","meta":{"ocean_post_layout":"","ocean_both_sidebars_style":"","ocean_both_sidebars_content_width":0,"ocean_both_sidebars_sidebars_width":0,"ocean_sidebar":"","ocean_second_sidebar":"","ocean_disable_margins":"enable","ocean_add_body_class":"","ocean_shortcode_before_top_bar":"","ocean_shortcode_after_top_bar":"","ocean_shortcode_before_header":"","ocean_shortcode_after_header":"","ocean_has_shortcode":"","ocean_shortcode_after_title":"","ocean_shortcode_before_footer_widgets":"","ocean_shortcode_after_footer_widgets":"","ocean_shortcode_before_footer_bottom":"","ocean_shortcode_after_footer_bottom":"","ocean_display_top_bar":"default","ocean_display_header":"default","ocean_header_style":"","ocean_center_header_left_menu":"","ocean_custom_header_template":"","ocean_custom_logo":0,"ocean_custom_retina_logo":0,"ocean_custom_logo_max_width":0,"ocean_custom_logo_tablet_max_width":0,"ocean_custom_logo_mobile_max_width":0,"ocean_custom_logo_max_height":0,"ocean_custom_logo_tablet_max_height":0,"ocean_custom_logo_mobile_max_height":0,"ocean_header_custom_menu":"","ocean_menu_typo_font_family":"","ocean_menu_typo_font_subset":"","ocean_menu_typo_font_size":0,"ocean_menu_typo_font_size_tablet":0,"ocean_menu_typo_font_size_mobile":0,"ocean_menu_typo_font_size_unit":"px","ocean_menu_typo_font_weight":"","ocean_menu_typo_font_weight_tablet":"","ocean_menu_typo_font_weight_mobile":"","ocean_menu_typo_transform":"","ocean_menu_typo_transform_tablet":"","ocean_menu_typo_transform_mobile":"","ocean_menu_typo_line_height":0,"ocean_menu_typo_line_height_tablet":0,"ocean_menu_typo_line_height_mobile":0,"ocean_menu_typo_line_height_unit":"","ocean_menu_typo_spacing":0,"ocean_menu_typo_spacing_tablet":0,"ocean_menu_typo_spacing_mobile":0,"ocean_menu_typo_spacing_unit":"","ocean_menu_link_color":"","ocean_menu_link_color_hover":"","ocean_menu_link_color_active":"","ocean_menu_link_background":"","ocean_menu_link_hover_background":"","ocean_menu_link_active_background":"","ocean_menu_social_links_bg":"","ocean_menu_social_hover_links_bg":"","ocean_menu_social_links_color":"","ocean_menu_social_hover_links_color":"","ocean_disable_title":"default","ocean_disable_heading":"default","ocean_post_title":"","ocean_post_subheading":"","ocean_post_title_style":"","ocean_post_title_background_color":"","ocean_post_title_background":0,"ocean_post_title_bg_image_position":"","ocean_post_title_bg_image_attachment":"","ocean_post_title_bg_image_repeat":"","ocean_post_title_bg_image_size":"","ocean_post_title_height":0,"ocean_post_title_bg_overlay":0.5,"ocean_post_title_bg_overlay_color":"","ocean_disable_breadcrumbs":"default","ocean_breadcrumbs_color":"","ocean_breadcrumbs_separator_color":"","ocean_breadcrumbs_links_color":"","ocean_breadcrumbs_links_hover_color":"","ocean_display_footer_widgets":"default","ocean_display_footer_bottom":"default","ocean_custom_footer_template":"","footnotes":""},"class_list":["post-114","page","type-page","status-publish","hentry","entry"],"_links":{"self":[{"href":"https:\/\/www.mskatzelsdorf.at\/index.php?rest_route=\/wp\/v2\/pages\/114","targetHints":{"allow":["GET"]}}],"collection":[{"href":"https:\/\/www.mskatzelsdorf.at\/index.php?rest_route=\/wp\/v2\/pages"}],"about":[{"href":"https:\/\/www.mskatzelsdorf.at\/index.php?rest_route=\/wp\/v2\/types\/page"}],"author":[{"embeddable":true,"href":"https:\/\/www.mskatzelsdorf.at\/index.php?rest_route=\/wp\/v2\/users\/1"}],"replies":[{"embeddable":true,"href":"https:\/\/www.mskatzelsdorf.at\/index.php?rest_route=%2Fwp%2Fv2%2Fcomments&post=114"}],"version-history":[{"count":2,"href":"https:\/\/www.mskatzelsdorf.at\/index.php?rest_route=\/wp\/v2\/pages\/114\/revisions"}],"predecessor-version":[{"id":211,"href":"https:\/\/www.mskatzelsdorf.at\/index.php?rest_route=\/wp\/v2\/pages\/114\/revisions\/211"}],"wp:attachment":[{"href":"https:\/\/www.mskatzelsdorf.at\/index.php?rest_route=%2Fwp%2Fv2%2Fmedia&parent=114"}],"curies":[{"name":"wp","href":"https:\/\/api.w.org\/{rel}","templated":true}]}}